{"id":8,"date":"2012-12-22T16:01:37","date_gmt":"2012-12-22T15:01:37","guid":{"rendered":"http:\/\/www.jardindalice.eu\/?page_id=8"},"modified":"2018-08-29T15:28:47","modified_gmt":"2018-08-29T14:28:47","slug":"infos-pratiques","status":"publish","type":"page","link":"https:\/\/www.jardindalice.eu\/?page_id=8","title":{"rendered":"Infos Pratiques"},"content":{"rendered":"<div id=\"metaslider-id-473\" style=\"max-width: 700px; margin: 0 auto;\" class=\"ml-slider-3-27-3 metaslider metaslider-flex metaslider-473 ml-slider\">\n    <div id=\"metaslider_container_473\">\n        <div id=\"metaslider_473\">\n            <ul aria-live=\"polite\" class=\"slides\">\n                <li style=\"display: block; width: 100%;\" class=\"slide-474 ms-image\"><img width=\"1194\" height=\"895\" src=\"https:\/\/www.jardindalice.eu\/wp-content\/uploads\/2013\/11\/dansvignes-e1384008144814.jpg\" class=\"slider-473 slide-474\" alt=\"\" loading=\"lazy\" rel=\"\" title=\"dansvignes\" style=\"margin: 0 auto; width: 57.174780526736%\" \/><\/li>\n                <li style=\"display: none; width: 100%;\" class=\"slide-475 ms-image\"><img width=\"2848\" height=\"2136\" src=\"https:\/\/www.jardindalice.eu\/wp-content\/uploads\/2013\/11\/Cuisine.jpg\" class=\"slider-473 slide-475\" alt=\"\" loading=\"lazy\" rel=\"\" title=\"Cuisine\" style=\"margin: 0 auto; width: 57.142857142857%\" srcset=\"https:\/\/www.jardindalice.eu\/wp-content\/uploads\/2013\/11\/Cuisine.jpg 2848w, https:\/\/www.jardindalice.eu\/wp-content\/uploads\/2013\/11\/Cuisine-300x225.jpg 300w, https:\/\/www.jardindalice.eu\/wp-content\/uploads\/2013\/11\/Cuisine-1024x768.jpg 1024w\" sizes=\"(max-width: 2848px) 100vw, 2848px\" \/><\/li>\n                <li style=\"display: none; width: 100%;\" class=\"slide-476 ms-image\"><img width=\"640\" height=\"425\" src=\"https:\/\/www.jardindalice.eu\/wp-content\/uploads\/2013\/11\/JARDIN-CHAISE.jpg\" class=\"slider-473 slide-476\" alt=\"\" loading=\"lazy\" rel=\"\" title=\"JARDIN-CHAISE\" style=\"margin: 0 auto; width: 64.53781512605%\" srcset=\"https:\/\/www.jardindalice.eu\/wp-content\/uploads\/2013\/11\/JARDIN-CHAISE.jpg 640w, https:\/\/www.jardindalice.eu\/wp-content\/uploads\/2013\/11\/JARDIN-CHAISE-300x199.jpg 300w\" sizes=\"(max-width: 640px) 100vw, 640px\" \/><\/li>\n                <li style=\"display: none; width: 100%;\" class=\"slide-477 ms-image\"><img width=\"2048\" height=\"1536\" src=\"https:\/\/www.jardindalice.eu\/wp-content\/uploads\/2013\/11\/IMG_1421.jpg\" class=\"slider-473 slide-477\" alt=\"\" loading=\"lazy\" rel=\"\" title=\"IMG_1421\" style=\"margin: 0 auto; width: 57.142857142857%\" srcset=\"https:\/\/www.jardindalice.eu\/wp-content\/uploads\/2013\/11\/IMG_1421.jpg 2048w, https:\/\/www.jardindalice.eu\/wp-content\/uploads\/2013\/11\/IMG_1421-300x225.jpg 300w, https:\/\/www.jardindalice.eu\/wp-content\/uploads\/2013\/11\/IMG_1421-1024x768.jpg 1024w\" sizes=\"(max-width: 2048px) 100vw, 2048px\" \/><\/li>\n            <\/ul>\n        <\/div>\n        \n    <\/div>\n<\/div>\n<p>&nbsp;<\/p>\n<h2 style=\"text-align: center;\"><span style=\"text-decoration: underline;\">TARIFS<\/span><\/h2>\n<p style=\"text-align: center;\"><strong>STAGES \/ R\u00e9ceptions \/ S\u00e9minaires<\/strong><\/p>\n<table border=\"1\" cellspacing=\"0\" cellpadding=\"0\">\n<tbody>\n<tr>\n<td valign=\"top\" width=\"136\"><\/td>\n<td valign=\"top\" width=\"136\">\n<p align=\"center\">1 HEURE<\/p>\n<\/td>\n<td valign=\"top\" width=\"136\">\n<p style=\"text-align: left;\" align=\"center\">\u00a0La demi-journ\u00e9e\u00a0\u00a0\u00a0 (4 heures)<\/p>\n<\/td>\n<td valign=\"top\" width=\"136\">\n<p style=\"text-align: left;\" align=\"center\">\u00a0\u00a0\u00a0\u00a0\u00a0\u00a0 La journ\u00e9e<\/p>\n<\/td>\n<\/tr>\n<tr>\n<td valign=\"top\" width=\"136\">\n<p align=\"center\">Grand studio, et usage des salles attenantes, exterieurs<\/p>\n<\/td>\n<td valign=\"top\" width=\"136\">\n<p style=\"text-align: center;\">25\u20ac<\/p>\n<\/td>\n<td valign=\"top\" width=\"136\">\n<p align=\"center\">60\u20ac<\/p>\n<\/td>\n<td valign=\"top\" width=\"136\">\n<p align=\"center\">100\u20ac<\/p>\n<\/td>\n<\/tr>\n<tr>\n<td valign=\"top\" width=\"136\">\n<p align=\"center\">petit studio<\/p>\n<\/td>\n<td valign=\"top\" width=\"136\">\n<p align=\"center\">\n<\/td>\n<td style=\"text-align: center;\" valign=\"top\" width=\"136\">usage sp\u00e9cifique. contacter le Jardin<\/td>\n<td valign=\"top\" width=\"136\">usage sp\u00e9cifique. contacter le Jardin<\/td>\n<\/tr>\n<\/tbody>\n<\/table>\n<p style=\"text-align: center;\"><strong>R\u00c9P\u00c9TITIONS \/ Cr\u00e9ations<\/strong><\/p>\n<table border=\"1\" cellspacing=\"0\" cellpadding=\"0\">\n<tbody>\n<tr>\n<td valign=\"top\" width=\"182\"><\/td>\n<td valign=\"top\" width=\"182\">\n<p align=\"center\">1 JOUR en semaine, hors p\u00e9riode scolaire<\/p>\n<\/td>\n<td valign=\"top\" width=\"182\">\n<p align=\"center\">FORFAIT LAST MINUTE<span style=\"color: #db192c;\">*<\/span><\/p>\n<\/td>\n<\/tr>\n<tr>\n<td valign=\"top\" width=\"182\">\n<p align=\"center\">Grand studio et usage des salles attenantes<\/p>\n<\/td>\n<td valign=\"top\" width=\"182\">\n<p align=\"center\">60\u20ac<\/p>\n<\/td>\n<td valign=\"top\" width=\"182\">\n<p align=\"center\">40\u20ac \/ JOUR<\/p>\n<\/td>\n<\/tr>\n<\/tbody>\n<\/table>\n<p><span style=\"color: #db192c;\">* Sur r\u00e9servation dans les 15 jours en amont de vos dates de r\u00e9p\u00e9titions<\/span><\/p>\n<p>&nbsp;<\/p>\n<h2 style=\"text-align: center;\"><span style=\"text-decoration: underline;\">ACCES<\/span><\/h2>\n<p align=\"center\">Depuis Bordeaux Prendre la RN 89, puis \u00e0 18 km la sortie Saint Germain du Puch, traversez St Germain et \u00e0 la sortie prenez la route \u00e0 gauche vers N\u00e9rigean \u00e0 4 kms. Apr\u00e8s le panneau N\u00e9rigean, allez jusqu&rsquo;au terrain de Tennis et \u00e0 gauche prendre le premier chemin de terre, un panneau indique le Jardin d\u2019Alice.<\/p>\n<p align=\"center\">Par train : Libourne station TGV \u00e0 15 mn sur la ligne Paris Bordeaux<\/p>\n<p>&nbsp;<\/p>\n<p><iframe loading=\"lazy\" style=\"border: 0;\" src=\"https:\/\/www.google.com\/maps\/embed?pb=!1m18!1m12!1m3!1d2828.98378857132!2d-0.2909594999999973!3d44.842263500000016!2m3!1f0!2f0!3f0!3m2!1i1024!2i768!4f13.1!3m3!1m2!1s0xd5547fba7826c81%3A0x1288903b40230f4e!2s1+Le+Noble-Est!5e0!3m2!1sfr!2sus!4v1396520913946\" width=\"600\" height=\"450\" frameborder=\"0\"><\/iframe><\/p>\n","protected":false},"excerpt":{"rendered":"<p>&nbsp; TARIFS STAGES \/ R\u00e9ceptions \/ S\u00e9minaires 1 HEURE \u00a0La demi-journ\u00e9e\u00a0\u00a0\u00a0 (4 heures) \u00a0\u00a0\u00a0\u00a0\u00a0\u00a0 La journ\u00e9e Grand studio, et usage des salles attenantes, exterieurs 25\u20ac 60\u20ac 100\u20ac petit studio usage sp\u00e9cifique. contacter le Jardin usage sp\u00e9cifique. contacter le Jardin R\u00c9P\u00c9TITIONS \/ Cr\u00e9ations 1 JOUR en semaine, hors p\u00e9riode scolaire FORFAIT LAST MINUTE* Grand studio et [&hellip;]<\/p>\n","protected":false},"author":1,"featured_media":0,"parent":0,"menu_order":3,"comment_status":"open","ping_status":"open","template":"","meta":{"ngg_post_thumbnail":0},"_links":{"self":[{"href":"https:\/\/www.jardindalice.eu\/index.php?rest_route=\/wp\/v2\/pages\/8"}],"collection":[{"href":"https:\/\/www.jardindalice.eu\/index.php?rest_route=\/wp\/v2\/pages"}],"about":[{"href":"https:\/\/www.jardindalice.eu\/index.php?rest_route=\/wp\/v2\/types\/page"}],"author":[{"embeddable":true,"href":"https:\/\/www.jardindalice.eu\/index.php?rest_route=\/wp\/v2\/users\/1"}],"replies":[{"embeddable":true,"href":"https:\/\/www.jardindalice.eu\/index.php?rest_route=%2Fwp%2Fv2%2Fcomments&post=8"}],"version-history":[{"count":21,"href":"https:\/\/www.jardindalice.eu\/index.php?rest_route=\/wp\/v2\/pages\/8\/revisions"}],"predecessor-version":[{"id":114,"href":"https:\/\/www.jardindalice.eu\/index.php?rest_route=\/wp\/v2\/pages\/8\/revisions\/114"}],"wp:attachment":[{"href":"https:\/\/www.jardindalice.eu\/index.php?rest_route=%2Fwp%2Fv2%2Fmedia&parent=8"}],"curies":[{"name":"wp","href":"https:\/\/api.w.org\/{rel}","templated":true}]}}